{"id":2987,"date":"2023-01-25T17:54:43","date_gmt":"2023-01-25T16:54:43","guid":{"rendered":"https:\/\/datycom.es\/?page_id=2987"},"modified":"2026-08-31T11:34:58","modified_gmt":"2026-08-31T10:34:58","slug":"proyectos-radares","status":"publish","type":"page","link":"https:\/\/datycom.es\/index.php\/proyectos-radares\/","title":{"rendered":"PROYECTOS RADARES PEDAG\u00d3GICOS EN LA PROVINCIA DE BURGOS"},"content":{"rendered":"\n<p><\/p>\n\n\n\n<p><\/p>\n\n\n<h1>\u00a0<\/h1>\n<h1 style=\"text-align: center;\"><span style=\"color: #00ccff;\"><b style=\"color: #00ccff;\">CLIENTES QUE CONFIARON EN NOSOTROS CON RADARES EVOLIS <\/b><span style=\"color: #00ccff;\"><b>EL\u00c9CTRICOS<\/b><\/span><b style=\"color: #00ccff;\"> Y SOLARES<\/b><\/span><\/h1>\n<p style=\"text-align: center;\">.<\/p>\n<h1>\u00a0<\/h1>\n<h1 style=\"text-align: center;\"><span style=\"color: #339966;\"><strong>AYUNTAMIENTOS<\/strong><\/span><\/h1>\n<h1 style=\"text-align: center;\"><span style=\"color: #339966;\"><strong>LOCALIDADES (BURGOS)<\/strong><\/span><\/h1>\n<p style=\"text-align: center;\">.<\/p>\n<p style=\"text-align: center;\"><a href=\"https:\/\/datycom.es\/wp-content\/uploads\/2021\/10\/arcos_radar.jpg\" target=\"_blank\" rel=\"noopener\">ARCOS DE LA LLANA<\/a><\/p>\n<p style=\"text-align: center;\"><a href=\"https:\/\/datycom.es\/wp-content\/uploads\/2023\/01\/ARENILLAS-DE-MUNO-WEB.jpg\" target=\"_blank\" rel=\"noopener\">ARENILLAS DE MU\u00d1O<\/a><\/p>\n<p style=\"text-align: center;\"><a href=\"https:\/\/datycom.es\/wp-content\/uploads\/2021\/12\/arija_fin.jpg\" target=\"_blank\" rel=\"noopener\">ARIJA<\/a><\/p>\n<p style=\"text-align: center;\"><strong>BARBADILLO DE HERREROS<\/strong><\/p>\n<p style=\"text-align: center;\"><strong>BARBADILLO DEL MERCADO (Colaboraci\u00f3n Amaya Construcciones)<\/strong><\/p>\n<p style=\"text-align: center;\"><strong>BARCENAS<\/strong><\/p>\n<p style=\"text-align: center;\"><strong>CAMPOLARA<\/strong><\/p>\n<p style=\"text-align: center;\"><a href=\"https:\/\/datycom.es\/wp-content\/uploads\/2023\/01\/CASTRILLO-DE-LA-VEGA-WEB.jpg\" target=\"_blank\" rel=\"noopener\">CASTRILLO DE LA VEGA<\/a><\/p>\n<p style=\"text-align: center;\"><strong>CAYUELA<\/strong><\/p>\n<p style=\"text-align: center;\"><strong>VILLAMIEL DE MU\u00d1O<\/strong><\/p>\n<p style=\"text-align: center;\"><strong>CUEVAS DE SAN CLEMENTE (Colaboraci\u00f3n Amaya Construcciones)<\/strong><\/p>\n<p style=\"text-align: center;\"><a href=\"https:\/\/datycom.es\/wp-content\/uploads\/2021\/10\/espinosa_radar.jpg\" target=\"_blank\" rel=\"noopener\">ESPINOSA DE LOS MONTEROS<\/a><\/p>\n<p style=\"text-align: center;\"><strong>ESPINOSA DE LOS MONTEROS (FASE II)<\/strong><\/p>\n<p style=\"text-align: center;\"><strong>ESPINOSA DE LOS MONTEROS (FASE III)<\/strong><\/p>\n<p style=\"text-align: center;\"><a href=\"https:\/\/datycom.es\/wp-content\/uploads\/2021\/12\/estepar_fin.jpg\" target=\"_blank\" rel=\"noopener\">ESTEPAR<\/a><\/p>\n<p style=\"text-align: center;\"><strong>HONTORIA DEL PINAR (Colaboraci\u00f3n Amaya Construcciones)<\/strong><\/p>\n<p style=\"text-align: center;\"><a href=\"https:\/\/datycom.es\/wp-content\/uploads\/2021\/10\/hormazas_radar.jpg\" target=\"_blank\" rel=\"noopener\">LAS HORMAZAS,(LA PARTE, BORCOS, SOLANO)<\/a><\/p>\n<p>\u00a0 \u00a0 \u00a0 \u00a0 \u00a0 \u00a0 \u00a0 \u00a0 \u00a0 \u00a0 \u00a0 \u00a0 \u00a0 \u00a0 \u00a0 \u00a0 \u00a0 \u00a0 \u00a0 \u00a0 \u00a0 \u00a0 \u00a0 \u00a0 \u00a0 \u00a0 \u00a0 \u00a0 \u00a0 \u00a0 \u00a0 \u00a0 \u00a0 \u00a0 \u00a0 \u00a0 \u00a0 \u00a0 \u00a0 \u00a0<strong> HUERMECES<\/strong><\/p>\n<p style=\"text-align: center;\"><a href=\"https:\/\/datycom.es\/wp-content\/uploads\/2021\/12\/revillarruz_fin.jpg\" target=\"_blank\" rel=\"noopener\">HUMIENTA<\/a><\/p>\n<p style=\"text-align: center;\"><a href=\"https:\/\/datycom.es\/wp-content\/uploads\/2021\/10\/montorio_radar.jpg\" target=\"_blank\" rel=\"noopener\">MONTORIO<\/a><\/p>\n<p style=\"text-align: center;\"><a href=\"https:\/\/datycom.es\/wp-content\/uploads\/2023\/01\/QUEMADA-WEB.jpg\" target=\"_blank\" rel=\"noopener\">QUEMADA<\/a><\/p>\n<p>\u00a0 \u00a0 \u00a0 \u00a0 \u00a0 \u00a0 \u00a0 \u00a0 \u00a0 \u00a0 \u00a0 \u00a0 \u00a0 \u00a0 \u00a0 \u00a0 \u00a0 \u00a0 \u00a0 \u00a0 \u00a0 \u00a0 \u00a0 \u00a0 \u00a0 \u00a0 \u00a0 \u00a0 \u00a0 \u00a0 \u00a0 \u00a0 \u00a0 \u00a0 \u00a0 \u00a0 \u00a0 \u00a0<strong>QUINTANA DEL PINO<\/strong><\/p>\n<p style=\"text-align: center;\">\u00a0 <strong>QUINTANA DE LOS PRADOS<\/strong><\/p>\n<p style=\"text-align: center;\"><a href=\"https:\/\/datycom.es\/wp-content\/uploads\/2023\/01\/QUINTANADUENAS-WEB.jpg\" target=\"_blank\" rel=\"noopener\">QUINTANADUE\u00d1AS<\/a><\/p>\n<p>\u00a0 \u00a0 \u00a0 \u00a0 \u00a0 \u00a0 \u00a0 \u00a0 \u00a0 \u00a0 \u00a0 \u00a0 \u00a0 \u00a0 \u00a0 \u00a0 \u00a0 \u00a0 \u00a0 \u00a0 \u00a0 \u00a0 \u00a0 \u00a0 \u00a0 \u00a0 \u00a0 \u00a0 \u00a0 \u00a0 \u00a0 \u00a0 \u00a0 \u00a0 \u00a0 \u00a0<strong>QUITANILLA SAN GARCIA<\/strong><\/p>\n<p>\u00a0 \u00a0 \u00a0 \u00a0 \u00a0 \u00a0 \u00a0 \u00a0 \u00a0 \u00a0 \u00a0 \u00a0 \u00a0 \u00a0 \u00a0 \u00a0 \u00a0 \u00a0 \u00a0 \u00a0 \u00a0 \u00a0 \u00a0 \u00a0 \u00a0 \u00a0 \u00a0 \u00a0 \u00a0 \u00a0 \u00a0 \u00a0 \u00a0 \u00a0 \u00a0 \u00a0 \u00a0 \u00a0 \u00a0 \u00a0 \u00a0 <strong>\u00a0RANERA<\/strong><\/p>\n<p style=\"text-align: center;\"><a href=\"https:\/\/datycom.es\/wp-content\/uploads\/2021\/12\/revillarruz_fin.jpg\" target=\"_blank\" rel=\"noopener\">REVILLARRUZ<\/a><\/p>\n<p style=\"text-align: center;\"><a href=\"https:\/\/datycom.es\/wp-content\/uploads\/2023\/07\/RIOCEREZO.jpg\">RIOCEREZO<\/a><\/p>\n<p>\u00a0 \u00a0 \u00a0 \u00a0 \u00a0 \u00a0 \u00a0 \u00a0 \u00a0 \u00a0 \u00a0 \u00a0 \u00a0 \u00a0 \u00a0 \u00a0 \u00a0 \u00a0 \u00a0 \u00a0 \u00a0 \u00a0 \u00a0 \u00a0 \u00a0 \u00a0 \u00a0 \u00a0 \u00a0 \u00a0 \u00a0 \u00a0 \u00a0 \u00a0 \u00a0 \u00a0<strong>SANTA CRUZ DEL TOZO<\/strong><\/p>\n<p style=\"text-align: center;\"><a href=\"https:\/\/datycom.es\/wp-content\/uploads\/2023\/07\/SANPEDROSAMUEL-scaled.jpg\">SAN PEDRO SAMUEL<\/a><\/p>\n<p>\u00a0 \u00a0 \u00a0 \u00a0 \u00a0 \u00a0 \u00a0 \u00a0 \u00a0 \u00a0 \u00a0 \u00a0 \u00a0 \u00a0 \u00a0 \u00a0 \u00a0 \u00a0 \u00a0 \u00a0 \u00a0 \u00a0 \u00a0 \u00a0 \u00a0 \u00a0 \u00a0 \u00a0 \u00a0 \u00a0 \u00a0 \u00a0 \u00a0 \u00a0 \u00a0 \u00a0 \u00a0 \u00a0 \u00a0 \u00a0 \u00a0 <strong>VALLEJERA<\/strong><\/p>\n<p style=\"text-align: center;\"><strong>VALLE TOBALINA<\/strong><\/p>\n<p>\u00a0 \u00a0 \u00a0 \u00a0 \u00a0 \u00a0 \u00a0 \u00a0 \u00a0 \u00a0 \u00a0 \u00a0 \u00a0 \u00a0 \u00a0 \u00a0 \u00a0 \u00a0 \u00a0 \u00a0 \u00a0 \u00a0 \u00a0 \u00a0 \u00a0 \u00a0 \u00a0 \u00a0 \u00a0 \u00a0 \u00a0 \u00a0 \u00a0 \u00a0 <strong>VILLAFRANCA MONTES DE OCA<\/strong><\/p>\n<p style=\"text-align: center;\"><a href=\"https:\/\/datycom.es\/wp-content\/uploads\/2022\/02\/VILLAGUTIERREZ_FIN_WEB.jpg\" target=\"_blank\" rel=\"noopener\">VILLAGUTIERREZ<\/a><\/p>\n<p style=\"text-align: center;\"><strong>VILLANUEVA DE GUMIEL<\/strong><\/p>\n<p style=\"text-align: center;\"><a href=\"https:\/\/datycom.es\/wp-content\/uploads\/2022\/02\/VILLARCAYO_WEB.jpg\" target=\"_blank\" rel=\"noopener\">VILLARCAYO<\/a><\/p>\n<p style=\"text-align: center;\"><a href=\"https:\/\/datycom.es\/wp-content\/uploads\/2021\/11\/villariezo_radar.jpg\" target=\"_blank\" rel=\"noopener\">VILLARIEZO<\/a><\/p>\n<p style=\"text-align: center;\"><strong>ZAZUAR<\/strong><\/p>\n<p style=\"text-align: center;\">.<\/p>\n<h1 style=\"text-align: center;\"><span style=\"color: #339966;\"><strong>CLIENTES<\/strong><\/span><\/h1>\n<h1 style=\"text-align: center;\">\u00a0 \u00a0 \u00a0 \u00a0 \u00a0 \u00a0 \u00a0 \u00a0 \u00a0 \u00a0 \u00a0 \u00a0 \u00a0 \u00a0 \u00a0 \u00a0 \u00a0 <strong>ADISSEO ESPA\u00d1A S.A. , Fabrica-(Burgos)<\/strong>\u00a0 \u00a0 \u00a0 \u00a0 \u00a0 \u00a0 \u00a0 \u00a0 \u00a0 \u00a0 \u00a0 \u00a0 \u00a0 \u00a0 \u00a0 \u00a0 \u00a0 .<\/h1>\n<h1 style=\"text-align: center;\"><strong>GlaxoSmithKline Espa\u00f1a , Fabrica-(Aranda de Duero)<\/strong><\/h1>\n<h1 style=\"text-align: center;\"><strong>GONVARRI , Fabrica-(Burgos)<\/strong><\/h1>\n<h1 style=\"text-align: center;\"><strong>MITMA (MOPU)<\/strong><\/h1>\n<h1 style=\"text-align: center;\"><strong>AMAYA CONSTRUCCIONES<\/strong><\/h1>\n<h1 style=\"text-align: center;\"><strong>COLLOSA<\/strong><\/h1>\n<h1 style=\"text-align: center;\"><strong>UTE CONSERVACI\u00d3N BURGOS 2018<\/strong><\/h1>\n<h1 style=\"text-align: center;\">\u00a0 \u00a0 <strong>MATINSA CONSERVACION CARRETERAS\u00a0<\/strong><\/h1>\n<h1 style=\"text-align: center;\"><strong>SIEX MOBILE (Badajoz)<\/strong><\/h1>\n<h1 style=\"text-align: center;\"><strong>GRUPO RECESTUR (Granada)<\/strong><\/h1>\n\n\n<p><\/p>\n","protected":false},"excerpt":{"rendered":"<p>\u00a0 CLIENTES QUE CONFIARON EN NOSOTROS CON RADARES EVOLIS EL\u00c9CTRICOS Y SOLARES . \u00a0 AYUNTAMIENTOS LOCALIDADES (BURGOS) . ARCOS DE LA LLANA ARENILLAS DE MU\u00d1O ARIJA BARBADILLO DE HERREROS BARBADILLO DEL MERCADO (Colaboraci\u00f3n Amaya Construcciones) BARCENAS CAMPOLARA CASTRILLO DE LA VEGA CAYUELA VILLAMIEL DE MU\u00d1O CUEVAS DE SAN CLEMENTE (Colaboraci\u00f3n Amaya Construcciones) ESPINOSA DE LOS [&hellip;]<\/p>\n","protected":false},"author":2,"featured_media":0,"parent":0,"menu_order":0,"comment_status":"closed","ping_status":"closed","template":"","meta":{"footnotes":""},"class_list":["post-2987","page","type-page","status-publish","hentry"],"_links":{"self":[{"href":"https:\/\/datycom.es\/index.php\/wp-json\/wp\/v2\/pages\/2987","targetHints":{"allow":["GET"]}}],"collection":[{"href":"https:\/\/datycom.es\/index.php\/wp-json\/wp\/v2\/pages"}],"about":[{"href":"https:\/\/datycom.es\/index.php\/wp-json\/wp\/v2\/types\/page"}],"author":[{"embeddable":true,"href":"https:\/\/datycom.es\/index.php\/wp-json\/wp\/v2\/users\/2"}],"replies":[{"embeddable":true,"href":"https:\/\/datycom.es\/index.php\/wp-json\/wp\/v2\/comments?post=2987"}],"version-history":[{"count":58,"href":"https:\/\/datycom.es\/index.php\/wp-json\/wp\/v2\/pages\/2987\/revisions"}],"predecessor-version":[{"id":3134,"href":"https:\/\/datycom.es\/index.php\/wp-json\/wp\/v2\/pages\/2987\/revisions\/3134"}],"wp:attachment":[{"href":"https:\/\/datycom.es\/index.php\/wp-json\/wp\/v2\/media?parent=2987"}],"curies":[{"name":"wp","href":"https:\/\/api.w.org\/{rel}","templated":true}]}}

PROYECTOS RADARES PEDAGÓGICOS EN LA PROVINCIA DE BURGOS

<p></p>



<p></p>


<h1> </h1>
<h1 style="text-align: center;"><span style="color: #00ccff;"><b style="color: #00ccff;">CLIENTES QUE CONFIARON EN NOSOTROS CON RADARES EVOLIS </b><span style="color: #00ccff;"><b>ELÉCTRICOS</b></span><b style="color: #00ccff;"> Y SOLARES</b></span></h1>
<p style="text-align: center;">.</p>
<h1> </h1>
<h1 style="text-align: center;"><span style="color: #339966;"><strong>AYUNTAMIENTOS</strong></span></h1>
<h1 style="text-align: center;"><span style="color: #339966;"><strong>LOCALIDADES (BURGOS)</strong></span></h1>
<p style="text-align: center;">.</p>
<p style="text-align: center;"><a href="https://datycom.es/wp-content/uploads/2021/10/arcos_radar.jpg" target="_blank" rel="noopener">ARCOS DE LA LLANA</a></p>
<p style="text-align: center;"><a href="https://datycom.es/wp-content/uploads/2023/01/ARENILLAS-DE-MUNO-WEB.jpg" target="_blank" rel="noopener">ARENILLAS DE MUÑO</a></p>
<p style="text-align: center;"><a href="https://datycom.es/wp-content/uploads/2021/12/arija_fin.jpg" target="_blank" rel="noopener">ARIJA</a></p>
<p style="text-align: center;"><strong>BARBADILLO DE HERREROS</strong></p>
<p style="text-align: center;"><strong>BARBADILLO DEL MERCADO (Colaboración Amaya Construcciones)</strong></p>
<p style="text-align: center;"><strong>BARCENAS</strong></p>
<p style="text-align: center;"><strong>CAMPOLARA</strong></p>
<p style="text-align: center;"><a href="https://datycom.es/wp-content/uploads/2023/01/CASTRILLO-DE-LA-VEGA-WEB.jpg" target="_blank" rel="noopener">CASTRILLO DE LA VEGA</a></p>
<p style="text-align: center;"><strong>CAYUELA</strong></p>
<p style="text-align: center;"><strong>VILLAMIEL DE MUÑO</strong></p>
<p style="text-align: center;"><strong>CUEVAS DE SAN CLEMENTE (Colaboración Amaya Construcciones)</strong></p>
<p style="text-align: center;"><a href="https://datycom.es/wp-content/uploads/2021/10/espinosa_radar.jpg" target="_blank" rel="noopener">ESPINOSA DE LOS MONTEROS</a></p>
<p style="text-align: center;"><strong>ESPINOSA DE LOS MONTEROS (FASE II)</strong></p>
<p style="text-align: center;"><strong>ESPINOSA DE LOS MONTEROS (FASE III)</strong></p>
<p style="text-align: center;"><a href="https://datycom.es/wp-content/uploads/2021/12/estepar_fin.jpg" target="_blank" rel="noopener">ESTEPAR</a></p>
<p style="text-align: center;"><strong>HONTORIA DEL PINAR (Colaboración Amaya Construcciones)</strong></p>
<p style="text-align: center;"><a href="https://datycom.es/wp-content/uploads/2021/10/hormazas_radar.jpg" target="_blank" rel="noopener">LAS HORMAZAS,(LA PARTE, BORCOS, SOLANO)</a></p>
<p>                                                                               <strong> HUERMECES</strong></p>
<p style="text-align: center;"><a href="https://datycom.es/wp-content/uploads/2021/12/revillarruz_fin.jpg" target="_blank" rel="noopener">HUMIENTA</a></p>
<p style="text-align: center;"><a href="https://datycom.es/wp-content/uploads/2021/10/montorio_radar.jpg" target="_blank" rel="noopener">MONTORIO</a></p>
<p style="text-align: center;"><a href="https://datycom.es/wp-content/uploads/2023/01/QUEMADA-WEB.jpg" target="_blank" rel="noopener">QUEMADA</a></p>
<p>                                                                           <strong>QUINTANA DEL PINO</strong></p>
<p style="text-align: center;">  <strong>QUINTANA DE LOS PRADOS</strong></p>
<p style="text-align: center;"><a href="https://datycom.es/wp-content/uploads/2023/01/QUINTANADUENAS-WEB.jpg" target="_blank" rel="noopener">QUINTANADUEÑAS</a></p>
<p>                                                                       <strong>QUITANILLA SAN GARCIA</strong></p>
<p>                                                                                  <strong> RANERA</strong></p>
<p style="text-align: center;"><a href="https://datycom.es/wp-content/uploads/2021/12/revillarruz_fin.jpg" target="_blank" rel="noopener">REVILLARRUZ</a></p>
<p style="text-align: center;"><a href="https://datycom.es/wp-content/uploads/2023/07/RIOCEREZO.jpg">RIOCEREZO</a></p>
<p>                                                                       <strong>SANTA CRUZ DEL TOZO</strong></p>
<p style="text-align: center;"><a href="https://datycom.es/wp-content/uploads/2023/07/SANPEDROSAMUEL-scaled.jpg">SAN PEDRO SAMUEL</a></p>
<p>                                                                                  <strong>VALLEJERA</strong></p>
<p style="text-align: center;"><strong>VALLE TOBALINA</strong></p>
<p>                                                                    <strong>VILLAFRANCA MONTES DE OCA</strong></p>
<p style="text-align: center;"><a href="https://datycom.es/wp-content/uploads/2022/02/VILLAGUTIERREZ_FIN_WEB.jpg" target="_blank" rel="noopener">VILLAGUTIERREZ</a></p>
<p style="text-align: center;"><strong>VILLANUEVA DE GUMIEL</strong></p>
<p style="text-align: center;"><a href="https://datycom.es/wp-content/uploads/2022/02/VILLARCAYO_WEB.jpg" target="_blank" rel="noopener">VILLARCAYO</a></p>
<p style="text-align: center;"><a href="https://datycom.es/wp-content/uploads/2021/11/villariezo_radar.jpg" target="_blank" rel="noopener">VILLARIEZO</a></p>
<p style="text-align: center;"><strong>ZAZUAR</strong></p>
<p style="text-align: center;">.</p>
<h1 style="text-align: center;"><span style="color: #339966;"><strong>CLIENTES</strong></span></h1>
<h1 style="text-align: center;">                                  <strong>ADISSEO ESPAÑA S.A. , Fabrica-(Burgos)</strong>                                  .</h1>
<h1 style="text-align: center;"><strong>GlaxoSmithKline España , Fabrica-(Aranda de Duero)</strong></h1>
<h1 style="text-align: center;"><strong>GONVARRI , Fabrica-(Burgos)</strong></h1>
<h1 style="text-align: center;"><strong>MITMA (MOPU)</strong></h1>
<h1 style="text-align: center;"><strong>AMAYA CONSTRUCCIONES</strong></h1>
<h1 style="text-align: center;"><strong>COLLOSA</strong></h1>
<h1 style="text-align: center;"><strong>UTE CONSERVACIÓN BURGOS 2018</strong></h1>
<h1 style="text-align: center;">    <strong>MATINSA CONSERVACION CARRETERAS </strong></h1>
<h1 style="text-align: center;"><strong>SIEX MOBILE (Badajoz)</strong></h1>
<h1 style="text-align: center;"><strong>GRUPO RECESTUR (Granada)</strong></h1>


<p></p>

<p>  CLIENTES QUE CONFIARON EN NOSOTROS CON RADARES EVOLIS ELÉCTRICOS Y SOLARES .   AYUNTAMIENTOS LOCALIDADES (BURGOS) . ARCOS DE LA LLANA ARENILLAS DE MUÑO ARIJA BARBADILLO DE HERREROS BARBADILLO DEL MERCADO (Colaboración Amaya Construcciones) BARCENAS CAMPOLARA CASTRILLO DE LA VEGA CAYUELA VILLAMIEL DE MUÑO CUEVAS DE SAN CLEMENTE (Colaboración Amaya Construcciones) ESPINOSA DE LOS [&hellip;]</p>
